**3 + 18. Let m be f(0). Let t = -2463 + 2475. Let x = m - t. Give h(x).
8
Let r(d) = d**3 - 29*d**2 + 121*d - 3516. Let p be r(29). Let n(s) = -s**3 - 7*s**2 - 5*s - 4. Calculate n(p).
31
Let q(l) = -6*l**2. Let b be ((-3)/2)/(3/(-8)*2). Give q(b).
-24
Let j(k) = -2*k**2 + 137*k - 322. Let z be j(66). Let u(o) = o**2 - 7*o - 3. Give u(z).
5
Let k(j) = -j**3 - 5*j**2 - 3*j - 19. Suppose 12 = 10*a - 14*a, -2*i + 5*a = -5. Calculate k(i).
-4
Let j(p) = -p**2 + 7*p - 26. Let l be j(4). Let f be l/4*(-60)/105. Let b(d) = 3*d - 3 - 3 - d**2 + 3. What is b(f)?
-1
Let v(l) = 10*l + 495 + 502 + 500 - 2001 + 491. Give v(3).
17
Suppose -3*b = -5*y + 6, -21*y - 4*b = -26*y + 3. Let o(f) = -7*f - 7. What is o(y)?
-28
Let v = 31 + -26. Let t be 1/(9/30)*(11 - v). Let r be (t/4 + -7)/((-3)/(-6)). Let l(y) = 2*y**2 + 5*y - 1. Determine l(r).
11
Suppose -2*t + 57 = 5*o, -14*o - 90 = -4*t - 16*o. Suppose -3*k - 2*u + 13 = 0, -23*u + t*u - 36 = -4*k. Let v(g) = g - 6. Determine v(k).
1
Let n = -498 - -502. Let o(l) = 5*l - 21*l + 14*l + n*l. Let y(v) = -3*v - 1. Let r be y(-2). What is o(r)?
10
Let u(q) = q**2 - 37*q + 208. Let t be ((-3)/(-12))/(81/108)*39 + -4. Calculate u(t).
-44
Let y(x) = -x**2 + 5*x - 1. Let j be 1*-37 - (-7 - -6). Let n = j - -40. Give y(n).
3
Let q(m) = -9*m - 184. Let r(w) = -20*w - 412. Let h(a) = 9*q(a) - 4*r(a). Let k(v) = v - 5. Let z be k(5). Determine h(z).
-8
Let r(m) = m - 3. Suppose 3*z + b - 29 = 0, 17 = 3*z + 10*b - 15*b. Suppose -4*q - 21 + z = 0. Determine r(q).
-6
Let z(k) = k**3 - 9*k**2 + 7*k + 5. Suppose 0 = 10*p - 3*p - 28. Let s be p - -8*1*(-2)/(-4). Calculate z(s).
-3
Suppose 4*t - 254 = 3*y, 5 = -3*y - 3*t - 214. Let d = y - -133. Let w(z) = -10 - 57*z + d*z + 9. What is w(6)?
-13
Let n(g) be the third derivative of g**5/30 - 23*g**4/8 - 4*g**3 + 107*g**2. Let i be n(35). Let w(d) = -3*d + 33. Determine w(i).
0
Let o(s) = -11*s + 576. Let h be o(53). Let n(p) be the third derivative of p**6/120 + p**5/10 - p**4/3 + p**3/6 - 11*p**2. What is n(h)?
8
Let p(g) be the first derivative of 9*g**2/2 + 50*g + 179. Determine p(-8).
-22
Let p(o) = -25*o**2 - 224*o - 11. Let j(i) = -8*i**2 - 64*i - 3. Let n(z) = 7*j(z) - 2*p(z). Give n(-1).
-5
Let n(b) = -8*b - 68. Let y(v) = -14*v**3 - 126*v**2 + v - 4. Let d be y(-9). What is n(d)?
36
Let v(o) = 3*o + 2. Let w be v(0). Suppose -5*f - w + 7 = 0. Let c be f - (-4)/(4/(-2)). Let n(b) = 7*b**3 - 2*b - 1. Determine n(c).
-6
Let w be (-26 - -19)*(-12)/(-14). Let m be (-1 - w/2)/(14/(-28)). Let f(p) = p**3 + 2 + 5*p + p**2 - p + 3*p**2. What is f(m)?
-14
Suppose 3*y - 2*y = -4*g + 14, 5*g + y = 17. Suppose 4 = g*q - 14. Let b(s) be the first derivative of -s**4/4 + 2*s**3 - 3*s**2/2 + 4*s - 1. Give b(q).
-14
Let w be -20 + 38 + -23 + 2. Let a(h) = -h**2 + h - 8. Let j(o) = o - 7. Let c(s) = -4*a(s) + 5*j(s). What is c(w)?
30
Let s(a) = 2. Let g be -4 + 2 + -3 + 4. Let l(k) = -k**2 + 13*k - 4. Let z(b) = g*l(b) + 2*s(b). Calculate z(11).
-14
Let k(c) = -2*c**2 - 16*c + 3. Suppose 2*d + 65 = f + 52, -2*f + 34 = -5*d. Determine k(d).
3
Let s(n) = -n**2 + 4*n. Let b(k) = 3*k**2 - 12*k + 1. Let f be ((-567)/54)/((-3)/2). Let y(c) = f*s(c) + 2*b(c). Let l be 13 - 9 - (-1 - 0)*-1. What is y(l)?
5
Let t(q) be the third derivative of 11*q**4/24 + q**3/2 + 112*q**2 + 8*q. Give t(3).
36
Suppose 0 = -2*h + 18*h - 48080. Let d(k) = -h*k**3 + 17 + 3004*k**3 + 2*k - k. What is d(0)?
17
Suppose 253 = 49*b + 253. Let q(o) = o**2 + 3*o + 59. What is q(b)?
59
Let x(u) = 15*u**2 - 31*u + 164. Let l(h) = -2*h**2 - 4. Let k(s) = -7*l(s) - x(s). Calculate k(26).
-6
Let h = 67 + -49. Let r(s) = 1 + 42 - h - 3*s. What is r(10)?
-5
Let n be -6*1/21 - 900/(-14). Let u = -51 + n. Let y = u - 8. Let k(d) = -d**2 + 6*d - 2. Determine k(y).
3
Let j(p) = p**3 + p**2 + 5*p. Suppose 2*u + 13*g - 85 = 0, 23*u - 27*u - 2*g = -2. Give j(u).
-33
Let n = 99 + -76. Let z(i) = 22 - 37 + n + 8*i + i**2. What is z(-6)?
-4
Let w(r) = 5*r + 10 + 0 + 2*r - 32. Let v(b) = 3*b - 11. Let a be (-440)/(-50) + 2/10. Let u(q) = a*v(q) - 4*w(q). Give u(-7).
-4
Let b(p) = 19*p - 61. Let r(k) = -47*k + 1649. Let y be r(35). Calculate b(y).
15
Suppose -g = 2*g + 9. Let y(b) be the first derivative of -b**5/60 - b**4/12 - b**3/2 - 95*b**2/2 - 20. Let u(r) be the second derivative of y(r). What is u(g)?
-6
Let g(w) be the third derivative of -w**8/10080 - w**7/720 - w**6/180 - 61*w**5/30 - 67*w**2. Let a(t) be the third derivative of g(t). Determine a(-4).
-8
Let s(w) = 2*w**2 + 123*w + 241. Let q be s(-2). Let c(v) = 4 - 4 - 5 + 6 - 11*v. Determine c(q).
-32
Let i(o) = -53*o - 2 - 59*o - 54*o + 3*o**2 - 5*o**2 + 185*o. What is i(7)?
33
Suppose -4*y + a + 10 = 4*a, 0 = y + 3*a + 2. Let z(m) = -6*m**2 + 6*m - y + 1 + 3*m**2. Give z(2).
-3
Let t(b) = 3*b + 1. Let m(z) = z + 1. Let k be 228/(-38)*(0 - (-2)/(-3)). Let n(x) = k*m(x) - 2*t(x). Determine n(3).
-4
Suppose -2*r - 10 = 5*t, -2*t + 20*r - 15*r - 4 = 0. Let w(k) = -2*k**3 - 4*k**2 + 7. Determine w(t).
7
Let w(z) = -5*z**3 + 4*z**2 - 3*z - 32. Let p(i) = -6*i**3 + 4*i**2 - 4*i - 41. Let t(o) = -4*p(o) + 5*w(o). Let s be (-3 - 0)*8/(-6). Give t(s).
8
Let q(r) = 102*r + 173. Let p(k) = -52*k - 96. Let w(s) = 9*p(s) + 5*q(s). Suppose -2 + 5 = 3*d. Determine w(d).
43
Suppose 72 + 78 - 138 = -4*b. Let p(t) = 62*t + 183. What is p(b)?
-3
Suppose 3*a = -93 + 117. Let t(p) = 8*p**2 - p**3 + p + 6*p + 1 - 10*p. What is t(a)?
-23
Let k(t) = -5*t + 5. Suppose 0 = -o + 6 - 3. Suppose j = -2*q + 9, -o*j + 17 = -3*q + 4*q. Suppose -5*d + 3*i = -29, i + 22 = j*d - 1. What is k(d)?
-15
Let h = 160 + -162. Let i = 37 + -34. Let y(t) = -2 - 3*t**2 - 3*t - 6*t**2 + i*t**2. Give y(h).
-20
Let t be 390/(-429) - 486/(-99). Let b(s) = 3 + 5 - 2*s - 1. Determine b(t).
-1
Let d(n) = -n**3 + 2*n**2 + n + 3. Suppose 6*y - y = 25. Suppose 2*x + 3*x = y. Let u(f) = 2*f**3 + f**2 + f - 1. Let a be u(x). Give d(a).
-3
Suppose 8*s - 8 - 1440 = 0. Let r = s + -172. Let g(o) = -o**3 + 9*o**2 - 2*o + 7. What is g(r)?
-11
Let u(f) = f + 1. Let s be -11 - ((-4)/18 - 25/9). Let w be s/(-20) - (-222)/(-30). Calculate u(w).
-6
Let y(x) = -13*x**2 - 17 - 16 + 32. Let v be (-165)/55 - (-6 - -2). Calculate y(v).
-14
Let o(r) = -51*r**2 + 27*r - 51. Let w be o(2). Let z = 202 + w. Let a(h) = 31*h**3 - 2*h**2 + 2*h - 1. Determine a(z).
30
Let w(j) = j**2 + 57*j - 1069. Let o be w(-72). Let h(c) = -c**2 + 2*c + 72. Give h(o).
-27
Let h(d) = 6736 - 6*d + 4*d**2 + 4*d - 3420 - 3393. Give h(5).
13
Let z(i) = -2*i + 10*i - 85 + 45 + 42 + 5*i. What is z(2)?
28
Suppose -5*t + 55 = 5*p, -19 = t - 8*p + 3*p. Let l(b) = 16*b**2 - 1 - 25*b**2 - 2*b + 10*b**2. Determine l(t).
23
Let c be ((-1 + 5/(-10))*10)/(-3). Let w(n) = -16*n + 84. Calculate w(c).
4
Let w(l) = -22*l + 63*l**3 - 43*l - 142*l**3 + 18*l**2 + 1 + 78*l**3. What is w(5)?
1
Let j(z) be the second derivative of z**3/3 + z**2/2 + 4*z + 18. Suppose -2*q + 28 = 5*u, -2*u + u - q = -5. Let r be (8 - 7)/((-2)/u). Calculate j(r).
-5
Let z(u) = 6*u**3 - 4*u**2 - 5*u - 5. Let f(w) = 4*w**3 - 5*w**3 - 2*w**2 + 2*w**2 + w + w**2. Let o(n) = 5*f(n) + z(n). Suppose p - 4*p = 0. Give o(p).
-5
Let q be (-20)/45*(-2 + -16). Let j(h) = -h**3 + 6*h**2 + 15*h - 10. Give j(q).
-18
Let c(u) = -u**3 - 10*u**2 + 10*u - 11. Let m = 290 - 288. Suppose 4*b + 0 = x - 41, m*b - 5*x = -7. Determine c(b).
0
Let s(l) = -6 - 16650*l - 3*l**2 + 16654*l + 2*l**2. What is s(0)?
-6
Suppose -3*w - 3*k = -84, 34 = -4*w + 5*w + 4*k. Let d(s) = w - 79 + 25 + 26 - s. Determine d(8).
-10
Let u be ((-27)/(-2))/((-7 - -11)*(-8)/(-64)). Let j(d) = d**2 - 23*d - 74. Calculate j(u).
34
Let u(o) be the third derivative of o**4/8 - 5*o**3/2 + 3596*o**2. What is u(10)?
15
Let z be (-17 + 20)/(12/16). Let f(a) = 17*a**3 + 0*a - z*a - 2 + 14*a**3 - 30*a**3. Determine f(-3).
-17
Let i(v) = 23 + 16 - 2*v + 23 - 29 + 3*v. Give i(-39).
-6
Suppose 2*u = 229*f - 234*f - 37, 3*u = f - 47. Let x(k) = k + 1. Let m(p) = p - 13. Let y(o) = m(o) - 2*x(o). What is y(u)?
1
Let s be 350/(-60) + 6 + (-11)/(-6). Let j = 168 - 96. Let r(n) = n**3 + j*n**2 - 78*n**s - 6 + 7*n - 4*n. Determine r(5).
-16
Suppose 49*f + 146 = -103 + 4. Suppose 0*p + p - w = 0, 0 = -5*p + 4*w + 2. Let d(m) = m**3 + m**2 - 7 + 4*m**p + 0. Determine d(f).
-7
Let 